vided by 7436.
729
Calculate the remainder when 43008387 is divided by 7.
2
Calculate the remainder when 627655 is divided by 55.
50
Calculate the remainder when 293978 is divided by 18368.
90
What is the remainder when 687605 is divided by 667?
595
What is the remainder when 227458 is divided by 5563?
4938
Calculate the remainder when 49779895 is divided by 8296648.
7
What is the remainder when 90194 is divided by 1771?
1644
Calculate the remainder when 3181501 is divided by 1256.
53
What is the remainder when 289166 is divided by 261?
239
What is the remainder when 22353724 is divided by 85?
84
Calculate the remainder when 4586581 is divided by 30.
1
Calculate the remainder when 1046501865 is divided by 73.
72
What is the remainder when 21612295 is divided by 29?
16
What is the remainder when 363480 is divided by 7116?
564
Calculate the remainder when 7211 is divided by 7130.
81
What is the remainder when 9953382 is divided by 433?
11
What is the remainder when 251211443 is divided by 19?
17
Calculate the remainder when 2478187 is divided by 26.
23
Calculate the remainder when 91556 is divided by 83733.
7823
Calculate the remainder when 2495689 is divided by 5.
4
What is the remainder when 42543 is divided by 45?
18
Calculate the remainder when 1061999 is divided by 200.
199
Calculate the remainder when 1214013 is divided by 652.
641
What is the remainder when 8410935 is divided by 772?
767
What is the remainder when 10872023 is divided by 906?
23
Calculate the remainder when 945076 is divided by 67.
41
What is the remainder when 119505 is divided by 59645?
215
Calculate the remainder when 18540371 is divided by 3487.
3479
What is the remainder when 3185780 is divided by 26?
0
What is the remainder when 9496083 is divided by 53955?
3
Calculate the remainder when 100950 is divided by 7724.
538
Calculate the remainder when 7372954 is divided by 3686473.
8
Calculate the remainder when 597337 is divided by 4392.
25
Calculate the remainder when 1014823 is divided by 20295.
73
What is the remainder when 14390831 is divided by 411166?
21
What is the remainder when 8133319 is divided by 722?
711
What is the remainder when 159841 is divided by 3019?
2853
Calculate the remainder when 62314 is divided by 7132.
5258
Calculate the remainder when 9160873 is divided by 300.
73
Calculate the remainder when 810616 is divided by 491.
466
What is the remainder when 136 is divided by 64?
8
Calculate the remainder when 2566219 is divided by 48419.
12
Calculate the remainder when 110676 is divided by 10928.
1396
Calculate the remainder when 618700 is divided by 575.
0
Calculate the remainder when 213315 is divided by 193.
50
Calculate the remainder when 39042467 is divided by 522.
521
What is the remainder when 39814591 is divided by 32?
31
Calculate the remainder when 511563 is divided by 73021.
416
What is the remainder when 176770682 is divided by 2155740?
2
What is the remainder when 17487462 is divided by 705?
642
Calculate the remainder when 11381634 is divided by 326.
322
Calculate the remainder when 726875 is divided by 788.
339
What is the remainder when 69787 is divided by 61?
3
What is the remainder when 474494 is divided by 2666?
2612
What is the remainder when 1779711 is divided by 889688?
335
Calculate the remainder when 165393 is divided by 27555.
63
Calculate the remainder when 4506173 is divided by 21.
14
What is the remainder when 883078 is divided by 2247?
7
Calculate the remainder when 108278 is divided by 7144.
1118
Calculate the remainder when 3014 is divided by 2747.
267
What is the remainder when 5630468 is divided by 433112?
12
What is the remainder when 28656516 is divided by 9552168?
12
What is the remainder when 747173 is divided by 233?
175
Calculate the remainder when 97976 is divided by 24028.
1864
Calculate the remainder when 1104648 is divided by 31.
25
What is the remainder when 2828190 is divided by 622?
578
What is the remainder when 530577 is divided by 587?
516
What is the remainder when 59119 is divided by 66?
49
What is the remainder when 4195016 is divided by 2569?
2408
Calculate the remainder when 5237121 is divided by 11.
10
What is the remainder when 25561801 is divided by 641?
3
Calculate the remainder when 12880685 is divided by 1209.
1208
Calculate the remainder when 2463897 is divided by 1000.
897
What is the remainder when 375065 is divided by 74513?
2500
What is the remainder when 439840 is divided by 3053?
208
What is the remainder when 130924 is divided by 3190?
134
What is the remainder when 146253 is divided by 146217?
36
What is the remainder when 4840326 is divided by 47?
31
What is the remainder when 1046405 is divided by 99?
74
What is the remainder when 12349647 is divided by 850?
847
Calculate the remainder when 9537696 is divided by 242.
234
What is the remainder when 59351 is divided by 1015?
481
Calculate the remainder when 11529194 is divided by 498.
494
Calculate the remainder when 421538 is divided by 35128.
2
Calculate the remainder when 31087 is divided by 1782.
793
What is the remainder when 6458280 is divided by 850?
830
What is the remainder when 75850018 is divided by 243?
241
What is the remainder when 40880 is divided by 447?
203
Calculate the remainder when 163376 is divided by 423.
98
Calculate the remainder when 44020 is divided by 1099.
60
Calculate the remainder when 3001639 is divided by 1000539.
22
What is the remainder when 333603 is divided by 802?
773
Calculate the remainder when 1030034 is divided by 343307.
113
Calculate the remainder when 3415 is divided by 1400.
615
Calculate the remainder when 14010001 is divided by 103.
44
What is the remainder when 772027 is divided by 152074?
11657
What is the remainder when 1634412 is divided by 2239?
2181
What is the remainder when 31578 is divided by 541?
200
What is the remainder when 37622893 is divided by 9405720?
13
What is the remainder when 486482 is divided by 97280?
82
Calculate the remainder when 82872 is divided by 973.
167
What is the remainder when 104199220 is divided by 2?
0
Calculate the remainder when 1745725 is divided by 193963.
58
Calculate the remainder when 2291939 is divided by 42443.
17
What is the remainder when 85102368 is divided by 31?
21
Calculate the remainder when 30353882 is divided by 15124.
14
What is the remainder when 2832047 is divided by 18?
17
What is the remainder when 63030 is divided by 20995?
45
What is the remainder when 709002 is divided by 124?
94
What is the remainder when 13814 is divided by 374?
350
What is the remainder when 1272244 is divided by 84816?
4
What is the remainder when 143148 is divided by 47568?
444
What is the remainder when 1268042 is divided by 492?
158
What is the remainder when 126965121 is divided by 297?
294
What is the remainder when 1644817 is divided by 183?
13
What is the remainder when 3587482 is divided by 2514?
4
Calculate the remainder when 2156451 is divided by 81.
69
What is the remainder when 35575781 is divided by 41?
40
Calculate the remainder when 186155 is divided by 186074.
81
Calculate the remainder when 41666 is divided by 20259.
1148
Calculate the remainder when 285903 is divided by 5831.
184
Calculate the remainder when 2634661 is divided by 223.
139
What is the remainder when 75308655 is divided by 239?
233
Calculate the remainder when 18228 is divided by 10067.
8161
What is the remainder when 4373084 is divided by 1274?
716
What is the remainder when 13550551 is divided by 13550543?
8
Calculate the remainder when 98249 is divided by 24376.
745
Calculate the remainder when 24176 is divided by 8008.
152
What is the remainder when 3789277 is divided by 180440?
37
What is the remainder when 3702352 is divided by 1234115?
7
What is the remainder when 10162257 is divided by 347?
15
What is the remainder when 2658384 is divided by 186?
72
Calculate the remainder when 9324198 is divided by 92.
90
Calculate the remainder when 3091 is divided by 107.
95
What is the remainder when 22611 is divided by 2934?
2073
Calculate the remainder when 6136582 is divided by 30837.
19
Calculate the remainder when 17101 is divided by 517.
40
What is the remainder when 1083274 is divided by 218?
32
What is the remainder when 97342590 is divided by 1439?
1435
What is t